nds digit of 117120?
1
What is the ten thousands digit of 106404?
0
What is the hundreds digit of 56716?
7
What is the tens digit of 930?
3
What is the hundreds digit of 864?
8
What is the hundreds digit of 264?
2
What is the tens digit of 5733?
3
What is the units digit of 6165?
5
What is the hundreds digit of 1361?
3
What is the thousands digit of 3024?
3
What is the ten thousands digit of 84560?
8
What is the tens digit of 2156?
5
What is the hundreds digit of 32599?
5
What is the units digit of 11001?
1
What is the ten thousands digit of 14394?
1
What is the tens digit of 233?
3
What is the thousands digit of 5055?
5
What is the tens digit of 14909?
0
What is the thousands digit of 12197?
2
What is the hundreds digit of 12293?
2
What is the units digit of 44477?
7
What is the hundred thousands digit of 108993?
1
What is the thousands digit of 3068?
3
What is the tens digit of 17013?
1
What is the tens digit of 7696?
9
What is the units digit of 14921?
1
What is the units digit of 12985?
5
What is the hundreds digit of 143170?
1
What is the units digit of 6678?
8
What is the hundreds digit of 60866?
8
What is the units digit of 5022?
2
What is the units digit of 4078?
8
What is the units digit of 769?
9
What is the ten thousands digit of 135048?
3
What is the tens digit of 52?
5
What is the tens digit of 1724?
2
What is the units digit of 11?
1
What is the thousands digit of 5662?
5
What is the tens digit of 137880?
8
What is the hundreds digit of 8389?
3
What is the ten thousands digit of 36745?
3
What is the units digit of 632?
2
What is the tens digit of 8201?
0
What is the thousands digit of 33524?
3
What is the units digit of 27664?
4
What is the tens digit of 7900?
0
What is the hundreds digit of 526?
5
What is the tens digit of 1121?
2
What is the tens digit of 257?
5
What is the hundreds digit of 380?
3
What is the units digit of 86764?
4
What is the tens digit of 23077?
7
What is the hundreds digit of 1309?
3
What is the ten thousands digit of 83381?
8
What is the units digit of 4075?
5
What is the thousands digit of 5254?
5
What is the tens digit of 720?
2
What is the thousands digit of 1778?
1
What is the hundreds digit of 2944?
9
What is the hundreds digit of 1108?
1
What is the thousands digit of 20845?
0
What is the tens digit of 9250?
5
What is the tens digit of 27671?
7
What is the tens digit of 7502?
0
What is the tens digit of 5293?
9
What is the units digit of 43831?
1
What is the hundreds digit of 291?
2
What is the hundreds digit of 5818?
8
What is the thousands digit of 2666?
2
What is the hundreds digit of 548?
5
What is the units digit of 1100?
0
What is the units digit of 4528?
8
What is the thousands digit of 9160?
9
What is the tens digit of 898?
9
What is the hundreds digit of 15339?
3
What is the tens digit of 5628?
2
What is the hundreds digit of 12788?
7
What is the ten thousands digit of 140646?
4
What is the hundreds digit of 12257?
2
What is the tens digit of 7049?
4
What is the tens digit of 26119?
1
What is the hundreds digit of 199?
1
What is the hundreds digit of 3376?
3
What is the units digit of 8805?
5
What is the tens digit of 1879?
7
What is the tens digit of 242?
4
What is the hundreds digit of 9154?
1
What is the thousands digit of 111301?
1
What is the thousands digit of 9009?
9
What is the tens digit of 5732?
3
What is the hundreds digit of 99220?
2
What is the units digit of 759?
9
What is the hundreds digit of 14921?
9
What is the units digit of 1661?
1
What is the tens digit of 4148?
4
What is the thousands digit of 3594?
3
What is the tens digit of 812?
1
What is the ten thousands digit of 80431?
8
What is the units digit of 3274?
4
What is the hundreds digit of 191?
1
What is the thousands digit of 8525?
8
What is the tens digit of 2211?
1
What is the hundreds digit of 83744?
7
What is the tens digit of 2420?
2
What is the tens digit of 916?
1
What is the tens digit of 273?
7
What is the thousands digit of 1796?
1
What is the tens digit of 4098?
9
What is the units digit of 53867?
7
What is the hundreds digit of 6914?
9
What is the thousands digit of 5941?
5
What is the hundreds digit of 4176?
1
What is the hundreds digit of 3392?
3
What is the hundreds digit of 1973?
9
What is the thousands digit of 11343?
1
What is the units digit of 797?
7
What is the tens digit of 652?
5
What is the tens digit of 1040?
4
What is the hundreds digit of 2364?
3
What is the hundreds digit of 1480?
4
What is the ten thousands digit of 14444?
1
What is the thousands digit of 2158?
2
What is the thousands digit of 56138?
6
What is the thousands digit of 20841?
0
What is the units digit of 4300?
0
What is the hundreds digit of 7773?
7
What is the units digit of 159140?
0
What is the units digit of 2437?
7
What is the tens digit of 18187?
8
What is the thousands digit of 8467?
8
What is the tens digit of 5891?
9
What is the units digit of 93827?
7
What is the hundreds digit of 76474?
4
What is the units digit of 39601?
1
What is the units digit of 1955?
5
What is the tens digit of 8256?
5
What is the ten thousands digit of 116771?
1
What is the tens digit of 22470?
7
What is the hundreds digit of 13301?
3
What is the units digit of 6205?
5
What is the ten thousands digit of 12257?
1
What is the units digit of 1805?
5
What is the tens digit of 27679?
7
What is the ten thousands digit of 15712?
1
What is the thousands digit of 80822?
0
What is the tens digit of 3848?
4
What is the units digit of 113762?
2
What is the units digit of 94940?
0
What is the tens digit of 51185?
8
What is the units digit of 78?
8
What is the hundreds digit of 3259?
2
What is the units digit of 4518?
8
What is the tens digit of 764?
6
What is the hundreds digit of 807?
8
What is the units digit of 3655?
5
What is the hundreds digit of 48864?
8
What is the thousands digit of 2754?
2
What is the tens digit of 953?
5
What is the tens digit of 1614?
1
What is the units digit of 3590?
0
What is the units digit of 23370?
0
What is the thousands digit of 1595?
1
What is the tens digit of 7626?
2
What is the tens digit of 9331?
3
What is the hundreds digit of 86198?
1
What is the units digit of 28530?
0
What is the hundreds digit of 6728?
7
What is the ten thousands digit of 74169?
7
What is the tens digit of 960?
6
What is the thousands digit of 26392?
6
What is the units digit of 4054?
4
What is the ten thousands digit of 22041?
2
What is the units digit of 780?
0
What is the hundreds digit of 69440?
4
What is the thousands digit of 2494?
2
What is the hundreds digit of 679?
6
What is the tens digit of 92?
9
What is the units digit of 108759?
9
What is the hundreds digit of 1842?
8
What is the tens digit of 5479?
7
What is the units digit of 3804?
4
What is the units digit of 9587?
7
What is the tens digit of 4004?
0
What is the units digit of 5201?
1
What is the units digit of 47959?
9
What is the tens digit of 1005?
0
What is the tens digit of 4101?
0
What is the units digit of 106246?
6
What is the thousands digit of 4268?
4
What is the hundreds digit of 1706?
7
What is the hundreds digit of 8056?
0
What is the units digit of 3408?
8
What is the tens digit of 47961?
6
What is the thousands digit of 4767?
4
What is the tens digit of 5628?
2
What is the tens digit of 968?
6
What is the hundreds digit of 24545?
5
What is the tens digit of 85819?
1
What is the units digit of 1736?
6
What is the units digit of 93?
3
What is the tens digit of 30899?
9
What is the units digit of 1998?
8
What is the tens digit of 1177?
7
What is the tens digit of 483?
8
What is the hundreds digit of 20687?
6
What is the tens digit of 840?
4
What is the units digit of 8?
8
What is the hundreds digit of 55769?
7
What is the thousands digit of 1628?
1
What is the tens digit of 43420?
2
What is the thousands digit of 23555?
3
What is the units digit of 44527?
7
What is the tens digit of 82761?
6
What is the thousands digit of 3505?
3
What is the hundreds digit of 173?
1
What is the thousands digit of 1545?
1
What is the ten thousands digit of 59397?
5
What is the tens digit of 52442?
4
What is the ten thousands digit of 10577?
1
What is the thousands digit of 3408?
3
What is the hundreds digit of 1650?
6
What is the hundreds digit of 1437?
4
What is the thousands